derivative of 13/12*h**4 + 0 - 2*h**3 - 16*h**2 + 0*h. What is the tens digit of n(3)?
6
Let u(d) = d**2 - 10*d + 25. Let a be u(7). Suppose -5*c + 424 = a*r + 54, -2*c = -r + 86. What is the units digit of r?
0
Suppose -222*x + 199*x + 816168 = -147256. What is the thousands digit of x?
1
Let m(b) = -6*b - 55. Let z(g) = 2*g + 18. Let w(n) = 4*m(n) + 11*z(n). Let s be w(-12). What is the tens digit of (-1 - s)/(22/(-286))?
3
Let x = 55 + 1255. What is the tens digit of x?
1
What is the units digit of 16/112 + (-373480)/(-35)?
1
Let s(i) = 3*i**2 - 2*i + 1. Let j be s(1). Let u(f) = 5*f**3 + 4*f**2 - 6*f**2 + 2 + 3666*f + f**2 - 3667*f. What is the units digit of u(j)?
6
Let n = -74144 - -110152. What is the ten thousands digit of n?
3
What is the tens digit of (9 + (-15790)/(-20))*37*(2 - 0)?
8
Let b = -124 - -315. Suppose -3*v - b = -746. Suppose 967 + v = 9*g. What is the units digit of g?
8
Let g(u) = 4*u**3 - u**2 + 11*u - 29. Suppose -8*m = 2*m - 60. What is the tens digit of g(m)?
6
Suppose 4*u - 6002 = -5*j, 4*u - 4*j = -512 + 6532. What is the thousands digit of u?
1
Suppose -18*g + 16*g = -2964. Suppose -91*n + 97*n = g. What is the units digit of n?
7
What is the ten thousands digit of 72/9 - 12/8*-8482?
1
Let a(o) = o**3 + 10*o**2 + 2. Let f be a(-10). Let q be f - (-1*6)/(-2). What is the units digit of (16 + 1 + q)*525/70?
0
Let c be (-112)/(-952) - (-30)/34. Suppose 18 = d + 3*m, -c = -3*d + 4*m + 14. What is the units digit of d?
9
Let u be (-1566)/(-22) - (-36)/(-198). Suppose -3*t + 3*r - 75 = 0, t = -2*t + 2*r - u. What is the units digit of (t/9 - -1)*(-129)/2?
6
Let j(n) = n**3 + 8*n**2 - 2*n - 35. Let h be j(-8). Let a(u) = -u**3 - 16*u**2 - 6*u - 16. What is the tens digit of a(h)?
8
Suppose a = 2*p - 23486, 5*a + 4*p + p = -117370. Let d be 2/(-15) + a/90. What is the units digit of 2*-2*d/18?
8
Suppose 24*l = 12*l + 65208. What is the hundreds digit of l?
4
Let g(d) = 10 + 3*d + 7*d**2 - d**3 + 4 + 20*d**2 - 4*d**2. Let s be g(23). Suppose 327 = 4*r + s. What is the units digit of r?
1
Let k = -15680 + 26526. What is the ten thousands digit of k?
1
Let p be (0 - -2)*(-2)/2*-1. Suppose -8 = -p*b, -b + 95 = 5*f + 26. Let y = 28 + f. What is the tens digit of y?
4
Suppose -22*f = -189381 - 251147. What is the tens digit of f?
2
Suppose -3*t = -2*p + 21, 5*p - 3*p = -t + 33. Suppose -2*l + q + 90 = 0, 0 = 4*l - p*q + 10*q - 192. What is the units digit of l?
3
Let n(g) = -g**3 - 9*g**2 - 2*g - 18. Let t be n(-9). Suppose -u - x + 32 = t, 5*u - 137 = 2*x + 2. Let w = 43 - u. What is the units digit of w?
4
Let l(x) = -12843*x - 3342. What is the thousands digit of l(-3)?
5
Suppose 3*z = 2*u + 1, 26 = 5*u + 3*z - 3. Suppose 0 = x - 2*b - 644, -2*x = -3*b + u*b - 1293. What is the hundreds digit of x?
6
Let c(k) = 94*k**3 - 4*k**2 - k - 2. Let s(d) = -3*d - 52. Let u be s(-18). What is the hundreds digit of c(u)?
7
Let q(x) = -2*x**3 + 10*x**2 + 4*x - 10. Let i be q(-6). Let c = -526 + i. What is the units digit of c?
2
What is the units digit of (-2)/(-4)*-4 - 7/(14/(-21306))?
1
Let l = -7257 - -7089. Let y be 1242/(-4) - 2/(-4). Let x = l - y. What is the hundreds digit of x?
1
Suppose 4*n + 86 = 5*l + 2*n, 2*n = -6. Suppose -7*f = -3*f - l. Suppose -246 = -f*c + c. What is the tens digit of c?
8
Let m be ((-2946)/(-4))/(9*5/(-60)). Let r = -209 - m. What is the hundreds digit of r?
7
Suppose 0 = 9*m - 663 - 111. Let r = -98 + m. What is the tens digit of (9 - 0)*(r + 25)?
1
Let l(x) = -1274*x + 3636. What is the hundreds digit of l(-21)?
3
Let x(a) = 3*a**2 + 72*a - 1215. What is the hundreds digit of x(57)?
6
Suppose -3*d + 87156 = -3*m, d - 3*m = -4*d + 145268. Let o be d/96*(-6)/(-4). Suppose 5*v + 0*l - o = l, 4*v - 360 = 4*l. What is the tens digit of v?
9
Let o(c) = c**3 + 27*c**2 + 15*c - 58. Let s be o(-26). Let q = 759 - s. What is the units digit of q?
1
Suppose 9 = 5*b - b - 3*x, 7 = 4*b - 5*x. Suppose b*d - 45 - 9 = 0. Suppose 0 = d*i - 6*i - 780. What is the tens digit of i?
6
Suppose 294*k - 325*k + 517266 = 0. What is the ten thousands digit of k?
1
What is the tens digit of ((-267172)/340)/((-2)/30)?
8
What is the thousands digit of 3 - -13 - (-230692)/44?
5
Let o(f) = 142*f - 63. Let z be o(11). Suppose z - 103 = 4*v. Suppose -5*q + 126 + v = 0. What is the tens digit of q?
9
Let d(j) = -j**3 + 63*j**2 + 403*j + 57. What is the ten thousands digit of d(62)?
2
What is the hundreds digit of -7 + (68059 - -6)/5?
6
Suppose -9*n + 15 = -6*n, -5*n + 33680 = 5*t. What is the thousands digit of t?
6
Suppose 96*y = 106*y - 6140. Suppose y = 5*i - 1431. What is the hundreds digit of i?
4
Suppose 5*t + 7*r - 3*r - 14 = 0, t - 4 = -2*r. What is the tens digit of ((-2 - 96)*t)/(-1)?
9
Suppose 0 = 3*u + 5*b - 8300, u = -10*b + 6*b + 2755. Suppose -12*o + 14*o - f = 1098, -5*o - 5*f = -u. What is the units digit of o?
1
Let j(a) = 205*a + 63. Let c = -519 - -522. What is the tens digit of j(c)?
7
Let d be (7601/(-2))/((-16)/64). Suppose -37*u + d = -16544. What is the tens digit of u?
5
Let g(v) = -23 + 2 - 19 - 12*v. What is the units digit of g(-11)?
2
Let i = -20 + 20. Suppose i = 4*y - 0*y - 472. Suppose 5*l - y = 3*l. What is the tens digit of l?
5
Suppose -33*w + 37*w + 12 = 0, -5*w = -d + 17387. What is the hundreds digit of d?
3
Suppose 7*v - 4*v - 15 = 0, 22 = o + 4*v. Suppose o*m + 5*b = 12 + 9, -2*m + b = -15. Suppose -m*u - 416 = -21*u. What is the units digit of u?
2
Let p(x) = -46*x + 3819. What is the units digit of p(-26)?
5
Let t be (-60)/(-14) + (-52)/182. Suppose -4*h = -t*s + 9*s - 1858, -3*h + 1856 = 5*s. Suppose -2*g - 64 + s = 0. What is the units digit of g?
3
Let g be ((-7)/(231/(-44)))/((-1)/(-261)). What is the tens digit of g*(4/6 + 1)?
8
Let n(d) = 1047*d**2 + 9*d - 13. Let r(s) = -2095*s**2 - 17*s + 26. Let w(c) = 7*n(c) + 3*r(c). What is the tens digit of w(1)?
4
Suppose 4*g + 1 = 9. Suppose 2*z - 39 = 5*y, 15 = -g*y + 4*z - 3*z. Let h = 42 - y. What is the units digit of h?
1
Let p be ((-6)/(-8) + -2)*-4. Suppose p*h + 4*r - 948 = 0, -r - 1 = 2. Suppose -2*j = j - h. What is the units digit of j?
4
Let p be (-5 + -1 - (-3 - 2)) + 1. Suppose p = -5*o - 4*h + 2657, o - h - 4*h - 514 = 0. What is the tens digit of o?
2
Suppose 4*p - 2*p = 6, 34 = -2*j + 4*p. Let z(u) = -2*u**2 - 21*u + 9. Let x be z(j). What is the hundreds digit of (((-2952)/(-16))/(-9))/(x/12)?
1
Let i = -1911 - -3661. Let b = i - 980. What is the hundreds digit of b?
7
Let c = -45 - -25. Let u(g) = -16*g - 437 + 393 - 15*g - g**2. What is the units digit of u(c)?
6
Let n be (2 + 0 + -4)*-1. Suppose -m - n*x = -563, -7*x = -5*m - 3*x + 2787. What is the units digit of m?
9
Suppose 0 = 3*l + 4*g - 5, 4*g + 8 = 2*l - 2. Suppose 4*r = -2*u + u + 645, -l*u + 2*r = -1991. What is the tens digit of u?
6
Suppose 6001 - 2192 = -13*a. Let i be ((-3)/(-4) - 1) + a/(-4). Suppose 2*z - 248 = 3*f, 5*f - 25 - i = -z. What is the units digit of z?
8
Let c = 25401 - 11946. What is the ten thousands digit of c?
1
Let c(d) = 338*d**2 - 465*d - 6. What is the hundreds digit of c(7)?
3
Let n = 130 - 128. Suppose 608 = z - 2*a, -2*a = 5*z - z - 2422. Suppose n*k - 106 + z = 5*r, 25 = 5*k. What is the hundreds digit of r?
1
Let y be 7/(-7) - (2 + (-1 - 1)). Let q(w) = -3*w - 1. Let p be q(y). What is the tens digit of -210*4/(-20)*p?
8
Let s be (-4 + 4)/((1 - -1)/(-1)). Let n = -8 + 11. Suppose -n*b + 6*b + 2 = -5*z, -z - 1 = s. What is the units digit of b?
1
Suppose 149*h - 363415 = 77476. What is the units digit of h?
9
Suppose 0 = 128*c - 365077 + 137763 - 472846. What is the thousands digit of c?
5
Suppose -1 = -o - 0. Let f be ((-1)/4)/o + (-12)/(-48). What is the tens digit of 17 + 2 + -2 + (3 - f)?
2
Let k = -293 - -66. Suppose -4*v - 758 = 5*u, 24*u = 26*u - 2*v + 296. Let p = u - k. What is the units digit of p?
7
Let x(q) = -2*q**2 - 3*q + 403. Suppose 0 = -o + 4*o. What is the tens digit of x(o)?
0
Let z(f) = -27 + 7*f + 3*f**2 + 0 + 8*f. What is the tens digit of z(14)?
7
Suppose 945 + 2675 + 5271 = 17*k. What is the tens digit of k?
2
Let z be 4/16 + 45/12. Suppose 1 = z*i - 15. Suppose 0 = -i*k + 396 + 156. What is the units digit of k?
8
Let t be (-10)/(-2) - (-10)/30*-9. What is the units digit of ((t/(-3))/(-2))/(19/32091)